ime factors of g.
2, 167
Let o(v) = 700*v - 62. What are the prime factors of o(4)?
2, 37
Suppose 0 = i + s + 1175 - 3540, -9432 = -4*i + 3*s. List the prime factors of i.
3, 787
Let z(c) = 12*c - 12. Let q be z(1). Let t = -27 + 51. Suppose -4*o = -q*y + 2*y - t, -3*y + 40 = 4*o. What are the prime factors of y?
2
Let n be (-2)/9 - (-4)/18. Let g(q) = -q**3 + q**2 - q + 58. List the prime factors of g(n).
2, 29
Let w(g) = -g**3 - 14*g**2 - 16*g + 11. Let u be w(-12). Let z = -6 - u. List the prime factors of z.
79
Let b(k) = -3*k + 301. List the prime factors of b(0).
7, 43
Let n = -217 - -224. Let g(v) = 2*v + 0*v - 2 + 2*v. List the prime factors of g(n).
2, 13
What are the prime factors of (68166/56 - -1) + (-6)/(-8)?
23, 53
Let r(o) = -188*o - 178. What are the prime factors of r(-8)?
2, 3, 13, 17
Let r(j) be the first derivative of 7*j**4/12 + j**3/3 - 2*j + 3. Let p(o) be the first derivative of r(o). What are the prime factors of p(-2)?
2, 3
Let f(n) = -n - 6. Let a be f(-9). Let u = a - 5. List the prime factors of 13 + -3 + (-2)/u.
11
What are the prime factors of (-4568 + 2)/(((-264)/16)/11)?
2, 761
Let d = 4 + -4. Suppose 21*w - 26*w + 65 = d. What are the prime factors of w?
13
Let p = -4 + 32. Let l = -10 + p. What are the prime factors of l?
2, 3
Let v(l) = -3*l + 2. Let w = -25 + 29. Let a be v(w). List the prime factors of (6/(-9))/(a/105).
7
Let n(h) = -2*h**3 - 8*h**2 + 7*h + 18. Let d be n(-6). Let l = d - 48. List the prime factors of l.
2, 3
Suppose 0 = 4*o + f - 9, -5*o + 0*o - f + 12 = 0. Suppose 5*l = o*g + 56, 0*l - g - 10 = -l. List the prime factors of l.
13
Suppose -10*s - 60 = -7*s. Let p(y) = -2*y + 5. List the prime factors of p(s).
3, 5
Let c = -72 + 549. What are the prime factors of c?
3, 53
Suppose 23*h = 4*h - 399. Suppose 2*j - 57 = -j. Let k = j - h. List the prime factors of k.
2, 5
What are the prime factors of (-312)/16*20/(-3)?
2, 5, 13
Suppose 5*b + 5 + 10 = 0, 4*x - 3*b - 37 = 0. Let l(k) = 2*k - 12. Let t be l(x). Suppose 19 - 89 = -t*j. What are the prime factors of j?
5, 7
Let l be (-20)/6*(-342)/12. Let p = 141 - l. What are the prime factors of p?
2, 23
Let u = 494 - 121. What are the prime factors of u?
373
Let u be -1 + 1 - (-9 - -8). Let c(z) = 66*z - 3. Let i be c(u). List the prime factors of (-2)/(-2)*(i - 4).
59
Suppose 3*u + 32 - 2 = 0. Suppose -2*o - 14 = -4*s, 0 = 3*s + s + o - 17. What are the prime factors of (s/u)/((-2)/40)?
2
Let m(x) = -x**2 + 10*x + 12. Let a be m(11). Let z be 6/3 - a*-21. Let c = z - 1. What are the prime factors of c?
2, 11
Let i be 2 - ((-3)/(-1) + -1 - 240). Suppose 3*f + f - 3*a = i, a + 248 = 4*f. What are the prime factors of f?
3, 7
Let b be 0/((-1)/(0 - 1)). Suppose 20 = 17*i - 12*i. Suppose -4*j + b*j + i*s = -168, 3*s = 9. What are the prime factors of j?
3, 5
Let s(c) = 2*c - 3*c - 2 + c**2 - 13. Let a be s(0). Let w = a + 51. What are the prime factors of w?
2, 3
Suppose -469 = -2*r + 3*m, -3*r + 315 = -2*m - 381. What are the prime factors of r?
2, 5, 23
Let v = 18 + -16. Suppose l = v*d - 211, l + 2*l + 118 = d. What are the prime factors of d?
103
Let p = -2 - 0. Let b be ((-6)/9 + p)*-3. Suppose -n + 2*z + 22 = 4*z, 5*z = 2*n - b. List the prime factors of n.
2, 7
Let r = 2502 + 2257. List the prime factors of r.
4759
Suppose 14*q - 59*q = -253620. What are the prime factors of q?
2, 1409
Let n be (-4)/26 - 22645/91. Let j = n + 446. List the prime factors of j.
197
Let g = -624 - -4246. List the prime factors of g.
2, 1811
Suppose -4*u + 3 = 4*p - 5, 2*p - 2*u = 8. Suppose 0 = p*r - 0*r - 9. Let q = r + 0. List the prime factors of q.
3
Let j be ((-1)/3)/(1/(-12)). Suppose -j*t = -9 - 3. Suppose -3*g - t*v + 209 = -2*v, 8 = -2*v. What are the prime factors of g?
71
Suppose 5*x - 4*i - 5165 = 0, 40*i = -5*x + 39*i + 5165. List the prime factors of x.
1033
Let r = -16 - -18. Let l be (4/(-10))/(r/(-10)). Suppose 0 = l*t + 2*t - 44. List the prime factors of t.
11
Let n(x) = 5*x + 5*x**2 - 7*x - 2 - x + 6*x**2. Let c be n(-2). Let m = c + -16. What are the prime factors of m?
2
Suppose 4*b + 178 = -b + 2*g, -184 = 5*b + 4*g. Let t be b/(-8) - 6/4. Suppose t = -2*u + 7. List the prime factors of u.
2
Suppose -69309 + 13365 = -14*z. List the prime factors of z.
2, 3, 37
Let a = 495 - -922. What are the prime factors of a?
13, 109
Suppose -w = w - 4*a + 4, 3*w = 5*a - 3. Suppose -f + 17 = 4*p + 2*f, -w*p + 2 = -2*f. Suppose p*o = 8 + 20. List the prime factors of o.
2, 7
Let b(i) = -i - 15. Let y be b(13). Let g = y - -50. List the prime factors of (-54)/(-4) + 11/g.
2, 7
Let r(m) = 0*m**2 + 9*m - 6 + 9*m**2 - 25*m**3 + 26*m**3. Let d be r(-8). What are the prime factors of 8/d*63/(-9)?
2
Suppose 0 = r - c - 1260 - 647, 5*c - 9565 = -5*r. What are the prime factors of r?
2, 5, 191
Let l be (-927)/2 - (-6)/(-4). Let h = l - -665. What are the prime factors of h?
2, 5
Suppose 0 = -h + 1234 + 452. List the prime factors of h.
2, 3, 281
Let w(p) be the third derivative of -p**4/8 - 11*p**3/3 - 8*p**2. Let r be w(-9). Suppose r*i - 116 = 49. List the prime factors of i.
3, 11
Suppose 5*v = -o + 339, -4*v - 1027 = -3*o + 66. List the prime factors of o.
359
Let q be (4/(1 - -1))/(12/(-66)). Let c(h) = h + 24. List the prime factors of c(q).
13
Let g be (60/(-14))/(4/(-224)). Suppose -r - 4*r = -g. List the prime factors of r.
2, 3
Let x(k) = -k**2 + k - 2. Let l be x(3). Let c be (2/l*0)/2. Suppose -5*i + 3*t + 118 = c, -5*t = -i - 0*t + 28. List the prime factors of i.
23
Let o be 16/((-2)/(-1))*-1. Let f = o + 62. List the prime factors of f.
2, 3
Suppose 13*a - 16*a = -486. Let q = a + -91. List the prime factors of q.
71
Suppose 0 = 2*p + 2 + 4. List the prime factors of p - (-12 + 1 + 2).
2, 3
Let d be 10/(-8)*(-6 + 2). Let i(l) = l**3 - 5*l**2 + 2. Let u be i(d). List the prime factors of (4 + -1)*u/3.
2
Let w = 11 + -9. Suppose -w*p = -7*p. What are the prime factors of -48*(p + (-1)/2)?
2, 3
Suppose 5*o - 4*r = 7194, -5*o + 1426 = -4*o - 4*r. List the prime factors of o.
2, 7, 103
Let d = -21 + 16. Let l be d/(-5)*(-4)/(-2). Suppose l*x = x + 37. List the prime factors of x.
37
Let z = -763 - -1282. Suppose z = 3*k + 3*w, 5*k + 5*w = 3*k + 337. List the prime factors of k.
2, 11
Suppose 0 = 3*s - 2*s - 2*b - 9, 2*s + 5*b + 27 = 0. Let k(m) = 2*m - 3*m - 637 + 636 - 49*m**3. What are the prime factors of k(s)?
7
Suppose -40 = 2*y - 2. Let r(k) = k**2 + 16*k - 29. List the prime factors of r(y).
2, 7
Let t = 66 - 41. Suppose -b = 4*b - 275. Let i = b - t. What are the prime factors of i?
2, 3, 5
List the prime factors of (3/((-60)/4424))/(8/(-20)).
7, 79
Suppose -4*b - 3*x = x - 68, -5*x = 0. List the prime factors of b.
17
Let a = 63 - -114. Suppose 69 = 2*b - a. Let o = b + -71. List the prime factors of o.
2, 13
Let g be 1/(-2)*-78 + 4/1. Let w = g - -61. What are the prime factors of w?
2, 13
Suppose -5*t = 875 - 310. Let r = t + 202. List the prime factors of r.
89
Let f(m) = 2*m**2 - 18*m - 14. Let s be f(10). Suppose s*i + 71 = 7*i. What are the prime factors of i?
71
Let s = -1368 - -1954. List the prime factors of s.
2, 293
Let r(m) = 11*m - 2. Let o be r(4). Suppose -j = -5*i + o, -2*j + 3*i + 108 = -5*j. List the prime factors of (4 + j)*(-2)/6.
11
Let t(d) = 2*d + 24. List the prime factors of t(5).
2, 17
Suppose -4*b + 12 = -8*b. Let o be (4 + b)*-1*-1. Suppose 0 = 3*q - 3*i - 15, 2*q + o = -2*i + 19. What are the prime factors of q?
7
Let g = 1208 - 2153. Let c = 1325 + g. What are the prime factors of c/24 - (-2)/12?
2
Suppose 0 = -5*y + 10 + 10. Suppose -5*m = 2*w - 3*w - 40, 3*m - 24 = y*w. What are the prime factors of m?
2
Let t(g) = -471*g**3 - 7*g**2 - 9*g - 1. What are the prime factors of t(-1)?
2, 59
Let d = -2 - -14. What are the prime factors of d*((-51)/(-2) - 5)?
2, 3, 41
Let a = -1806 + 1174. Let q = 923 + a. List the prime factors of q.
3, 97
Let z = 10247 + -5191. What are the prime factors of z?
2, 79
Suppose -t + 2*l = -8, 0 = 5*l + 20. Suppose t = -6*x - 2*x + 664. What are the prime factors of x?
83
Suppose 2*s = 6, 4*s - 5*s - 1169 = -4*g. List the prime factors of g.
293
Let w be ((2688/(-20))/6)/((-2)/40). Suppose -3*f = -7*f + w. What are the prime factors of f?
2, 7
Let g(v) = v**2 + v - 2. Let f be g(-2)